). Let q = p + 119. List the prime factors of q.
2, 3
Suppose n - 5*f - 5060 = 0, -3*f - 5058 = 7*n - 8*n. What are the prime factors of n?
3, 5, 337
Let t(m) = -368*m**3 - 8*m**2 - 25*m - 33. List the prime factors of t(-3).
2, 3, 13, 127
Let f(p) = -4*p + 75. Let o be f(18). Let i be ((-12)/18)/(38/(-12) + o). Let h(u) = 31*u + 24. What are the prime factors of h(i)?
2, 37
Let n(j) = -12*j + 357. Let p be n(28). Suppose 65400 = 61*b - p*b. List the prime factors of b.
3, 5, 109
Let l be -2*((-2)/(-6) - 130/3). Suppose 8*b = -6 + l. Suppose -156 = -b*o + 6*o. What are the prime factors of o?
3, 13
Let r(s) = 14*s + 19. Let q be r(2). Suppose -2*d + q = -1213. List the prime factors of d.
2, 3, 5, 7
Let p(f) be the third derivative of -f**6/360 + 4*f**4/3 + 7*f**3/3 - 23*f**2. Let d(a) be the first derivative of p(a). List the prime factors of d(0).
2
Suppose -14 = -o - 4*i, 5*o + 5*i - 4 = 6. What are the prime factors of (-1812)/4*((-7)/3 - o)?
151
Suppose -151 = -4*f + 137. Let r = f + -73. List the prime factors of 3 - (-248 - (r + -1)).
3, 83
Let f(z) = 271*z**2 + 31*z + 15. What are the prime factors of f(-4)?
3, 1409
Let v(z) = 75*z**3 + 25*z**2 - 223*z + 8. List the prime factors of v(8).
2, 2389
List the prime factors of ((-196)/20)/((-16)/1840).
7, 23
Suppose 0 = 1065*w - 1157*w + 1274936. List the prime factors of w.
2, 13, 41
What are the prime factors of (-25724)/(-2) + (-248)/(-248)?
19, 677
Let z(o) = o**3 + o**2 + 3*o + 3. Let y be z(-1). Let r be (3 + y)*32/24. Suppose -560 = -m - r*m. What are the prime factors of m?
2, 7
Let g = 65 + -53. Suppose -8*u - g*u = -5000. What are the prime factors of u?
2, 5
Suppose 5*y + q = 76413 + 35599, -22408 = -y - 3*q. List the prime factors of y.
2, 23, 487
Let w be (1 + 3/(-1) + 1)*0. Suppose -4*r - 21*r + 14275 = w. What are the prime factors of r?
571
Suppose -v = 3*x - 26107, 5*x + 647*v = 651*v + 43540. List the prime factors of x.
2, 17
What are the prime factors of 85636/7 - -29 - 4/(-14)?
12263
Let f be 2/12 - (-145)/30. Let k be ((-3)/(6/f))/(54/(-540)). Let g = 97 + k. What are the prime factors of g?
2, 61
Let k = -4 - -13. Suppose -k*i + 7 = -20. Suppose 0 = -i*t + 5*p + 255, -5*t + 3*t + 4*p + 170 = 0. List the prime factors of t.
5, 17
Suppose 3*m = 15, -t + 17 = -2*m + m. Let i = -45 + t. Let g = 41 + i. List the prime factors of g.
2, 3
Suppose 20*a - a = 41591. Let j = a - 1361. What are the prime factors of j?
2, 3, 23
Let t(q) = -q**2 - 4*q + 37. Let g be t(0). Suppose -g = 3*h - 52. Suppose -64 = -0*k - 2*k - 2*d, d = -h*k + 148. List the prime factors of k.
29
What are the prime factors of (9 + (-9 - 9) - 2662)*-1?
2671
Suppose -6*a + 64 = -68. Suppose 4*c + a = p, 0*p + 2*c + 4 = -3*p. List the prime factors of ((-6)/4 - p)/((-8)/16).
7
Let n(t) = 2*t**2 - 8*t + 11. Let p be n(3). Suppose -d + 8*a - 9*a + 397 = 0, 4*d + p*a - 1588 = 0. What are the prime factors of d?
397
Suppose 12*k - 2951 = -k. Suppose 4*t + k = 1531. What are the prime factors of t?
2, 163
Let d be ((-2904)/60)/((-5)/25). Let n be 1/2 - (-63)/(-2). Let s = d + n. What are the prime factors of s?
211
Let x = -535 + 1629. Let u = 2426 - x. What are the prime factors of u?
2, 3, 37
Suppose 0*i = -2*i + 10363 + 5099. What are the prime factors of i?
3, 859
Suppose 0 = 4*g - 4*j - 771 - 705, 373 = g + j. Let m = -3 + g. Let s = 668 - m. List the prime factors of s.
2, 3, 5
Suppose -179*s - 4496602 = -300*s. What are the prime factors of s?
2, 17, 1093
Let m(q) be the first derivative of 4*q**3 - 9*q**2/2 + 25*q + 2. Let a be m(4). Let o = a + -87. List the prime factors of o.
2, 47
List the prime factors of 4052 + 0*2/(-4)*1.
2, 1013
Let r(o) = 52*o + 23. Let a(q) = -53*q - 21. Let c(b) = -3*a(b) - 4*r(b). What are the prime factors of c(-7)?
2, 157
Let q(f) be the second derivative of -5/6*f**4 + 1/20*f**5 + 1/3*f**3 + 5*f**2 - 26*f + 0. List the prime factors of q(11).
3, 17
Suppose -1 - 4 = -5*h - q, 2*h = 4*q - 20. Let m(i) = -3*i + 56. Let s be m(h). Suppose z - s = -2*j, -5*z + 304 = 3*j + j. List the prime factors of z.
2
Suppose -5*i + 1282 = -2*b, 7*b - 10*b = -3*i + 771. List the prime factors of ((-8)/(-2))/(2/i).
2
Let f = 63 + 0. List the prime factors of (-2272)/56*f/(-6).
2, 3, 71
Let o = 36471 - 27906. What are the prime factors of o?
3, 5, 571
List the prime factors of 5331 - (1 + -5 + (31 - 25)).
73
Let h(o) = 2975*o + 85. What are the prime factors of h(1)?
2, 3, 5, 17
Let k(x) = x**3 + x**2 + 46. Let u be k(0). Let n = u - 44. List the prime factors of (161/21)/(n - 87/45).
5, 23
Let a = 32 + -25. Let t(u) = 2*u**2 + 10. Let s(j) = -5*j**2 + j - 29. Let p(z) = a*t(z) + 2*s(z). List the prime factors of p(5).
2, 61
Suppose j + 444*c - 446*c = 7782, -3*c - 38854 = -5*j. List the prime factors of j.
2, 11, 353
Let t = 66689 + -22012. List the prime factors of t.
43, 1039
Suppose 19*m = 23*m - 4*y - 21332, y = -2. List the prime factors of m.
3, 1777
Suppose 4*x + 11 = 23. Let r be (-5 + 3 - -5)/x. Suppose 0 = 3*k - 5*f - 75, k + 2*f = 35 + r. What are the prime factors of k?
2, 3, 5
Let p be 12/9*27/(-2). Let j = 13 + p. What are the prime factors of 31 + j/((-25)/15)?
2, 17
Let r = 617 - -4685. What are the prime factors of r?
2, 11, 241
What are the prime factors of (-388130)/(-15) - 26/6?
41, 631
Let j(k) be the second derivative of k**4/12 + 2*k**3/3 + k**2/2 - 14*k. Let m(c) = c**2 - 6*c - 15. Let x be m(7). List the prime factors of j(x).
3, 11
Suppose 5*i - 90 = 3*q, -4*q = 2*i - q - 57. List the prime factors of (60 - 1)*(i - 6).
3, 5, 59
Let p be 1/(-7) + (-150)/(-21). Suppose 208 = 4*n + l, -l + 62 = n + p. What are the prime factors of n?
3, 17
Let b = -17429 + 32180. What are the prime factors of b?
3, 11, 149
Suppose -4*q = -o + 7 - 199, -2*q + 96 = -4*o. Suppose -3*z - 4 + 13 = 0. Suppose 18 = z*b + 4*u - q, 3*u - 99 = -5*b. What are the prime factors of b?
2, 3
Let g(v) = -v**2 + v. Let l(s) = 2*s**2 + 9*s - 7. Let b = 63 + -62. Let i(p) = b*l(p) - 3*g(p). What are the prime factors of i(-4)?
7
Let d = 5842 + 5235. What are the prime factors of d?
11, 19, 53
Let w be (-4 - -7) + -11 + 0 + 4. What are the prime factors of 14/56 + (-2415)/w?
2, 151
Let v = -3577 + 8569. List the prime factors of v.
2, 3, 13
Let j be 9*3*(-13140)/(-108). Suppose -10*v + 15*v = -5*i + j, 5*v = 4*i - 2583. What are the prime factors of i?
2, 163
Suppose 404 + 79 = 23*a. Suppose a*p + 138 = 23*p. What are the prime factors of p?
3, 23
Let w be (-27)/(-36) - (-142)/(-8). Let l = 6 - w. Suppose b = l + 64. List the prime factors of b.
3, 29
Suppose -9504 = -7*r - 11*r. Suppose 0 = -2*u + r + 492. Let p = u - 322. What are the prime factors of p?
2, 47
Let q be (25/(-75))/(((-9)/3)/(-171)). Let s(o) = o**3 + 23*o**2 + 19*o - 61. What are the prime factors of s(q)?
2, 7, 73
Suppose 17*i - l - 40 = 21*i, -4*l = i - 5. Let q(k) = 13*k**2 - 21*k - 89. What are the prime factors of q(i)?
5, 7
Let z be (2/(-3) + 4)*3. Suppose 0 = z*s - 15*s + 845. What are the prime factors of s?
13
Suppose -5*f + 3*u = 3234, f + 4*u - 640 = 2*f. Let g = -354 - f. List the prime factors of g.
2, 3, 7
Suppose k - 25843 = -b, -61*k - 4 = -63*k. What are the prime factors of b?
25841
List the prime factors of (8819/(-3))/((325/39)/(-25)).
8819
Suppose 31*f - 7*f - 19217 = 127783. List the prime factors of f.
5, 7
Suppose -2*x + 5*x = 15. Suppose 526 = r + 3*r + 2*t, -x*t + 145 = r. List the prime factors of r.
2, 5, 13
Let a = -18099 - -29284. What are the prime factors of a?
5, 2237
Suppose -3*f = f - 200. Suppose 494 = 9*t - 568. Suppose -f = -4*i + t. What are the prime factors of i?
2, 3, 7
Let l be (-122)/12*-3*(14 - 22). Let t(y) = -2*y**3 - 5*y**2 + 3*y + 4. Let v be t(3). Let b = v - l. List the prime factors of b.
2, 79
Let z be (-44)/154 + (30/7 - 2). Suppose 3*y - 5*n - 107 = 2*y, z*n - 616 = -5*y. What are the prime factors of y?
2, 61
Suppose 4*p + 4*p + 30 = -34. Suppose -46 = 2*c - 5*a, -2*c - 35 - 27 = 3*a. What are the prime factors of p/(-28) + (-1000)/c?
2, 3
Let c(k) = 5*k**2 + 25*k - 155. What are the prime factors of c(46)?
5, 463
Let l = -110 - -115. Suppose -2*w = -4*n - 34, 5*n + 41 = l*w - 34. What are the prime factors of w?
13
Suppose -27 + 27 = 5*b. Suppose -4 - 1 = -f. Suppose f*j = -c 